{"id":14,"date":"2018-11-18T07:04:44","date_gmt":"2018-11-18T05:04:44","guid":{"rendered":"https:\/\/ultimate.fi\/wordpress\/liitto\/?page_id=14"},"modified":"2022-10-31T11:52:10","modified_gmt":"2022-10-31T09:52:10","slug":"hankkeet","status":"publish","type":"page","link":"https:\/\/ultimate.fi\/liitto\/etusivu\/suomen-liitokiekkoliitto\/hankkeet\/","title":{"rendered":"Hankkeet"},"content":{"rendered":"<div id=\"tdi_1\" class=\"tdc-row\"><div class=\"vc_row tdi_2  wpb_row td-pb-row\" >\n<style scoped>\n\/* custom css - generated by TagDiv Composer *\/\n\n\/* custom css - generated by TagDiv Composer *\/\n.tdi_2,\r\n                .tdi_2 .tdc-columns{\r\n                    min-height: 0;\r\n                }.tdi_2,\r\n\t\t\t\t.tdi_2 .tdc-columns{\r\n\t\t\t\t    display: block;\r\n\t\t\t\t}.tdi_2 .tdc-columns{\r\n\t\t\t\t    width: 100%;\r\n\t\t\t\t}.tdi_2:before,\r\n\t\t\t\t.tdi_2:after{\r\n\t\t\t\t    display: table;\r\n\t\t\t\t}\n<\/style><div class=\"vc_column tdi_4  wpb_column vc_column_container tdc-column td-pb-span6\">\n<style scoped>\n\/* custom css - generated by TagDiv Composer *\/\n\n\/* custom css - generated by TagDiv Composer *\/\n.tdi_4{\r\n                    vertical-align: baseline;\r\n                }.tdi_4 > .wpb_wrapper,\r\n\t\t\t\t.tdi_4 > .wpb_wrapper > .tdc-elements{\r\n\t\t\t\t    display: block;\r\n\t\t\t\t}.tdi_4 > .wpb_wrapper > .tdc-elements{\r\n\t\t\t\t    width: 100%;\r\n\t\t\t\t}.tdi_4 > .wpb_wrapper > .vc_row_inner{\r\n\t\t\t\t    width: auto;\r\n\t\t\t\t}.tdi_4 > .wpb_wrapper{\r\n\t\t\t\t    width: auto;\r\n\t\t\t\t    height: auto;\r\n\t\t\t\t}\n<\/style><div class=\"wpb_wrapper\" ><div class=\"td_block_wrap td_block_text_with_title tdi_5 tagdiv-type td-pb-border-top td_block_template_10\"  data-td-block-uid=\"tdi_5\" >\n<style>\n.td_block_template_10.widget > ul > li {\r\n                margin-left: 0 !important;\r\n            }\r\n            .td_block_template_10 .td-block-title {\r\n                font-size: 17px;\r\n                font-weight: 500;\r\n                margin-top: -10px;\r\n                margin-bottom: 24px;\r\n                line-height: 37px;\r\n                padding: 0;\r\n                position: relative;\r\n                text-align: left;\r\n            }\r\n            .td_block_template_10 .td-block-title:before {\r\n                content: '';\r\n                width: 100%;\r\n                height: 3px;\r\n                position: absolute;\r\n                top: 100%;\r\n                left: 0;\r\n                background-color: var(--td_header_color, #f5f5f5);\r\n            }\r\n            .td_block_template_10 .td-block-title > * {\r\n                color: var(--td_text_header_color, #000);\r\n            }\r\n            .td_block_template_10 .td-subcat-filter {\r\n                line-height: 37px;\r\n                display: table;\r\n            }\r\n            .td_block_template_10 .td-subcat-dropdown {\r\n                line-height: 1;\r\n                position: static;\r\n            }\r\n            .td_block_template_10 .td-subcat-dropdown .td-subcat-more {\r\n                margin-bottom: 0 !important;\r\n            }\r\n            .td_block_template_10 .td-subcat-dropdown ul:after {\r\n                height: 3px !important;\r\n            }\r\n            .td_block_template_10 .td-related-title {\r\n                margin-top: 0 !important;\r\n            }\r\n            .td_block_template_10 .td-related-title a {\r\n                margin-right: 20px;\r\n            }\r\n            @media (max-width: 767px) {\r\n                .td_block_template_10 .td-related-title a {\r\n                    font-size: 15px;\r\n                }\r\n            }\r\n            .td_block_template_10 .td-related-title .td-cur-simple-item {\r\n                color: var(--td_theme_color, #4db2ec);\r\n            }\r\n            \r\n            \r\n            \r\n            .tdi_5 .td-block-title:before {\r\n                background-color: #1e73be !important;\r\n            }\n<\/style>\n<style>\n\/* custom css - generated by TagDiv Composer *\/\n.td_block_text_with_title{\r\n                  margin-bottom: 44px;\r\n                  -webkit-transform: translateZ(0);\r\n                  transform: translateZ(0);\r\n                }.td_block_text_with_title p:last-child{\r\n                  margin-bottom: 0;\r\n                }\n<\/style><div class=\"td-block-title-wrap\"><h4 class=\"td-block-title\"><span class=\"td-pulldown-size\">Hankkeet<\/span><\/h4><\/div><div class=\"td_mod_wrap td-fix-index\"><div class=\"entry-content clearfix\">\n<p>Liitolla on k\u00e4ynniss\u00e4 kaksi OKM:n erityisavustushanketta.<\/p>\n<p style=\"text-align: justify;\">Parkouria ja ultimatea opiskelijoille hanke on Suomen Parkour ry:n (SPY) ja Suomen Liitokiekkoliitto ry:n yhteinen hanke, jonka hallinoivana tahona toimii SPY. Hanke on k\u00e4ynnistynyt 1.6.2020 ja rahoitus on t\u00e4ll\u00e4 hetkell\u00e4 30.11.2023 asti. Lis\u00e4tietoja hankkeesta p\u00e4ivitet\u00e4\u00e4n sivulle. Sill\u00e4 v\u00e4lin hankkeseen kannattaa k\u00e4yd\u00e4 tutustumassa <a href=\"https:\/\/www.parkour.fi\/hankkeet\/\">https:\/\/www.parkour.fi\/hankkeet\/<\/a><\/p>\n<p style=\"text-align: justify;\">Toinen hanke on liiton oma yhdenvertaisuuden edist\u00e4mishanke, mik\u00e4 on k\u00e4ynniss\u00e4 vuoden 2022 ajan.<\/p>\n<\/div>\n<\/div><\/div><\/div><\/div><div class=\"vc_column tdi_7  wpb_column vc_column_container tdc-column td-pb-span6\">\n<style scoped>\n\/* custom css - generated by TagDiv Composer *\/\n\n\/* custom css - generated by TagDiv Composer *\/\n.tdi_7{\r\n                    vertical-align: baseline;\r\n                }.tdi_7 > .wpb_wrapper,\r\n\t\t\t\t.tdi_7 > .wpb_wrapper > .tdc-elements{\r\n\t\t\t\t    display: block;\r\n\t\t\t\t}.tdi_7 > .wpb_wrapper > .tdc-elements{\r\n\t\t\t\t    width: 100%;\r\n\t\t\t\t}.tdi_7 > .wpb_wrapper > .vc_row_inner{\r\n\t\t\t\t    width: auto;\r\n\t\t\t\t}.tdi_7 > .wpb_wrapper{\r\n\t\t\t\t    width: auto;\r\n\t\t\t\t    height: auto;\r\n\t\t\t\t}\n<\/style><div class=\"wpb_wrapper\" ><div class=\"td_block_wrap td_block_text_with_title tdi_8 tagdiv-type td-pb-border-top td_block_template_10\"  data-td-block-uid=\"tdi_8\" >\n<style>\n.tdi_8 .td-block-title:before {\r\n                background-color: #dd3333 !important;\r\n            }\n<\/style><div class=\"td-block-title-wrap\"><h4 class=\"td-block-title\"><span class=\"td-pulldown-size\">Tukijalista<\/span><\/h4><\/div><div class=\"td_mod_wrap td-fix-index\"><p style=\"text-align: justify;\">Tukemalla Parkouria ja ultimatea opiskelijoille -hanketta liityt mahdollistajien joukkoon! Vaikka hanke saa Opetus-ja kulttuuriministeri\u00f6n tukea, on omavastuu hankkeessa 45 prosenttia. T\u00e4m\u00e4 tarkoittaa, ett\u00e4 lajikokeiluja ei voida tarjota oppilaitoksille ilmaiseksi, vaan niiss\u00e4 on aina omavastuu. Haluamme kuitenkin pit\u00e4\u00e4 omavastuu maltillisena, jotta lajikokeiluja voitaisiin toteuttaa mahdollisimman monessa oppilaitoksessa. Lis\u00e4ksi oppilaitos saa k\u00e4ytt\u00f6\u00f6ns\u00e4 aina pari ultimatekiekkoa lajikokeilun j\u00e4lkeen. Jotta t\u00e4m\u00e4 on mahdollista, tarvitaan toteutukseen juuri teid\u00e4n tukijoiden apua! Mahdollistajien joukkoon p\u00e4\u00e4set liittym\u00e4\u00e4n osoitteessa <a href=\"https:\/\/mesenaatti.me\/2487\/mekin-liikutamme-nuoria\/\">https:\/\/mesenaatti.me\/2487\/mekin-liikutamme-nuoria\/<\/a>. HUOM! Kuluttajatuotteiden rahanker\u00e4yslupa loppuu 31.10., joten teeth\u00e4n lahjoituksesi ennen sit\u00e4!<\/p>\n<h3><strong>He ovat jo mukana<\/strong> (nimi on listassa, jos olet luovuttanut oikeuden lis\u00e4t\u00e4 nimens\u00e4 julkisesti):<\/h3>\n<ol>\n<li>Kari Hulkko<\/li>\n<li>Ulla Kiili<\/li>\n<li>Nanna Karessuo<\/li>\n<li>Tiina R\u00e4tt\u00f6<\/li>\n<li>Thomas Pfister<\/li>\n<li>Kaisa Vihervaara<\/li>\n<li>Antti Elonheimo<\/li>\n<li>Erkka Niini<\/li>\n<li>Laura Lammi<\/li>\n<li>Karoliina Rintam\u00e4ki<\/li>\n<li>Hellen Koskinen<\/li>\n<li>Janne Kuusinen<\/li>\n<li>Mikko Saloila<\/li>\n<\/ol>\n<\/div><\/div><\/div><\/div><\/div><\/div>","protected":false},"excerpt":{"rendered":"","protected":false},"author":1,"featured_media":0,"parent":7,"menu_order":1,"comment_status":"closed","ping_status":"closed","template":"","meta":{"footnotes":""},"class_list":["post-14","page","type-page","status-publish"],"_links":{"self":[{"href":"https:\/\/ultimate.fi\/liitto\/wp-json\/wp\/v2\/pages\/14","targetHints":{"allow":["GET"]}}],"collection":[{"href":"https:\/\/ultimate.fi\/liitto\/wp-json\/wp\/v2\/pages"}],"about":[{"href":"https:\/\/ultimate.fi\/liitto\/wp-json\/wp\/v2\/types\/page"}],"author":[{"embeddable":true,"href":"https:\/\/ultimate.fi\/liitto\/wp-json\/wp\/v2\/users\/1"}],"replies":[{"embeddable":true,"href":"https:\/\/ultimate.fi\/liitto\/wp-json\/wp\/v2\/comments?post=14"}],"version-history":[{"count":10,"href":"https:\/\/ultimate.fi\/liitto\/wp-json\/wp\/v2\/pages\/14\/revisions"}],"predecessor-version":[{"id":926,"href":"https:\/\/ultimate.fi\/liitto\/wp-json\/wp\/v2\/pages\/14\/revisions\/926"}],"up":[{"embeddable":true,"href":"https:\/\/ultimate.fi\/liitto\/wp-json\/wp\/v2\/pages\/7"}],"wp:attachment":[{"href":"https:\/\/ultimate.fi\/liitto\/wp-json\/wp\/v2\/media?parent=14"}],"curies":[{"name":"wp","href":"https:\/\/api.w.org\/{rel}","templated":true}]}}