{"id":20,"date":"2018-11-18T07:08:35","date_gmt":"2018-11-18T05:08:35","guid":{"rendered":"https:\/\/ultimate.fi\/wordpress\/liitto\/?page_id=20"},"modified":"2026-04-16T10:45:50","modified_gmt":"2026-04-16T07:45:50","slug":"pelaaminen","status":"publish","type":"page","link":"https:\/\/ultimate.fi\/liitto\/etusivu\/pelaaminen\/","title":{"rendered":"Pelaaminen"},"content":{"rendered":"<div id=\"tdi_1\" class=\"tdc-row\"><div class=\"vc_row tdi_2  wpb_row td-pb-row\" >\n<style scoped>\n\/* custom css - generated by TagDiv Composer *\/\n\n\/* custom css - generated by TagDiv Composer *\/\n.tdi_2,\r\n                .tdi_2 .tdc-columns{\r\n                    min-height: 0;\r\n                }.tdi_2,\r\n\t\t\t\t.tdi_2 .tdc-columns{\r\n\t\t\t\t    display: block;\r\n\t\t\t\t}.tdi_2 .tdc-columns{\r\n\t\t\t\t    width: 100%;\r\n\t\t\t\t}.tdi_2:before,\r\n\t\t\t\t.tdi_2:after{\r\n\t\t\t\t    display: table;\r\n\t\t\t\t}\n<\/style><div class=\"vc_column tdi_4  wpb_column vc_column_container tdc-column td-pb-span6\">\n<style scoped>\n\/* custom css - generated by TagDiv Composer *\/\n\n\/* custom css - generated by TagDiv Composer *\/\n.tdi_4{\r\n                    vertical-align: baseline;\r\n                }.tdi_4 > .wpb_wrapper,\r\n\t\t\t\t.tdi_4 > .wpb_wrapper > .tdc-elements{\r\n\t\t\t\t    display: block;\r\n\t\t\t\t}.tdi_4 > .wpb_wrapper > .tdc-elements{\r\n\t\t\t\t    width: 100%;\r\n\t\t\t\t}.tdi_4 > .wpb_wrapper > .vc_row_inner{\r\n\t\t\t\t    width: auto;\r\n\t\t\t\t}.tdi_4 > .wpb_wrapper{\r\n\t\t\t\t    width: auto;\r\n\t\t\t\t    height: auto;\r\n\t\t\t\t}\n<\/style><div class=\"wpb_wrapper\" ><div class=\"td_block_wrap td_block_text_with_title tdi_5 tagdiv-type td-pb-border-top td_block_template_10\"  data-td-block-uid=\"tdi_5\" >\n<style>\n.td_block_template_10.widget > ul > li {\r\n                margin-left: 0 !important;\r\n            }\r\n            .td_block_template_10 .td-block-title {\r\n                font-size: 17px;\r\n                font-weight: 500;\r\n                margin-top: -10px;\r\n                margin-bottom: 24px;\r\n                line-height: 37px;\r\n                padding: 0;\r\n                position: relative;\r\n                text-align: left;\r\n            }\r\n            .td_block_template_10 .td-block-title:before {\r\n                content: '';\r\n                width: 100%;\r\n                height: 3px;\r\n                position: absolute;\r\n                top: 100%;\r\n                left: 0;\r\n                background-color: var(--td_header_color, #f5f5f5);\r\n            }\r\n            .td_block_template_10 .td-block-title > * {\r\n                color: var(--td_text_header_color, #000);\r\n            }\r\n            .td_block_template_10 .td-subcat-filter {\r\n                line-height: 37px;\r\n                display: table;\r\n            }\r\n            .td_block_template_10 .td-subcat-dropdown {\r\n                line-height: 1;\r\n                position: static;\r\n            }\r\n            .td_block_template_10 .td-subcat-dropdown .td-subcat-more {\r\n                margin-bottom: 0 !important;\r\n            }\r\n            .td_block_template_10 .td-subcat-dropdown ul:after {\r\n                height: 3px !important;\r\n            }\r\n            .td_block_template_10 .td-related-title {\r\n                margin-top: 0 !important;\r\n            }\r\n            .td_block_template_10 .td-related-title a {\r\n                margin-right: 20px;\r\n            }\r\n            @media (max-width: 767px) {\r\n                .td_block_template_10 .td-related-title a {\r\n                    font-size: 15px;\r\n                }\r\n            }\r\n            .td_block_template_10 .td-related-title .td-cur-simple-item {\r\n                color: var(--td_theme_color, #4db2ec);\r\n            }\r\n            \r\n            \r\n            \r\n            .tdi_5 .td-block-title:before {\r\n                background-color: #dd3333 !important;\r\n            }\n<\/style>\n<style>\n\/* custom css - generated by TagDiv Composer *\/\n.td_block_text_with_title{\r\n                  margin-bottom: 44px;\r\n                  -webkit-transform: translateZ(0);\r\n                  transform: translateZ(0);\r\n                }.td_block_text_with_title p:last-child{\r\n                  margin-bottom: 0;\r\n                }\n<\/style><div class=\"td-block-title-wrap\"><h4 class=\"td-block-title\"><span class=\"td-pulldown-size\">Kilpailulisenssit kaudella 2025\u20132026<\/span><\/h4><\/div><div class=\"td_mod_wrap td-fix-index\"><p>Liiton lisenssikausi 2026-2027 on 1.5.\u201330.4.. HUOM! Lisenssit ovat kuitenkin ostettavissa jo huhtikuussa, koska vakuutuksen jatkuvuuden takia se tulee ostaa huhtikuun aikana.<\/p>\n<p><strong>Kilpailulisenssit<\/strong><\/p>\n<ul>\n<li>36,50 euroa, kes\u00e4lisenssi (voimassa 1.5.\u201330.9.)<\/li>\n<li>15,00 euroa, kes\u00e4lisenssi U17-sarjaan (1.1.2009 tai sen j\u00e4lkeen syntyneet, voimassa 1.5.\u201330.9.). HUOM! T\u00e4ll\u00e4 lisenssill\u00e4 voi pelata my\u00f6s aikuisten sarjassa.<\/li>\n<li>13,00 euroa, kertalisenssi kes\u00e4kausi. HUOM! T\u00e4m\u00e4n voi ostaa vain kerran kes\u00e4kautta kohti. Lisenssin hinta (poislukien SuomiSportin transaktiomaksu 1,50 euroa) hyvitet\u00e4\u00e4n, mik\u00e4li saman kauden aikana p\u00e4\u00e4tt\u00e4\u00e4 ostaa viel\u00e4 kausilisenssin.<\/li>\n<li>7,50 euroa, kertalisenssi U17-sarjaan kes\u00e4kausi. HUOM! T\u00e4m\u00e4n voi ostaa vain kerran kes\u00e4kautta kohti. Lisenssin hinta (poislukien SuomiSportin transaktiomaksu 1,50 euroa) hyvitet\u00e4\u00e4n, mik\u00e4li saman kauden aikana p\u00e4\u00e4tt\u00e4\u00e4 ostaa viel\u00e4 kausilisenssin. HUOM! T\u00e4ll\u00e4 lisenssill\u00e4 voi pelata my\u00f6s aikuisten sarjassa. Kuitenkin kertalisenssin voi kokonaisuutena ostaa vai kerran kautta kohti.<\/li>\n<li>15,00 Harrastelisenssi kes\u00e4kausi (voimassa liiton alueelliisessa harrastesarjassa ja harrasteturnauksessa)<\/li>\n<li>7,50 euroa harrastelisenssi kes\u00e4kausi 2026 (voimassa vain harrasteturnauksessa 5.-6.9.)<\/li>\n<\/ul>\n<ul>\n<li>40,00 euroa, talvilisenssi (voimassa 1.10.\u201330.4.)<\/li>\n<li>16,50 euroa, talvilisenssi U17-sarjaan (1.1.2009 tai sen j\u00e4lkeen syntyneet, voimassa 1.10.\u201330.4.). HUOM! T\u00e4ll\u00e4 lisenssill\u00e4 voi pelata my\u00f6s aikuisten sarjassa.<\/li>\n<li>13 euroa, kertalisenssi talvikausi. HUOM! T\u00e4m\u00e4n voi ostaa vain kerran talvikautta kohti. Lisenssin hinta (poislukien SuomiSportin transaktiomaksu 1,5 euroa) hyvitet\u00e4\u00e4n, mik\u00e4li saman kauden aikana p\u00e4\u00e4tt\u00e4\u00e4 ostaa viel\u00e4 kausilisenssin.<\/li>\n<li>7,50 euroa, kertalisenssi U17-sarjaan talvikausi. HUOM! T\u00e4m\u00e4n voi ostaa vain kerran talvikautta kohti. Lisenssin hinta (poislukien SuomiSportin transaktiomaksu 1,5 euroa) hyvitet\u00e4\u00e4n, mik\u00e4li saman kauden aikana p\u00e4\u00e4tt\u00e4\u00e4 ostaa viel\u00e4 kausilisenssin. HUOM! T\u00e4ll\u00e4 lisenssill\u00e4 voi pelata my\u00f6s aikuisten sarjassa. Kuitenkin kertalisenssin voi kokonaisuutena ostaa vai kerran kautta kohti.<\/li>\n<\/ul>\n<ul>\n<li>69,50 euroa, vuosilisenssi (voimassa 1.5.\u201330.4.)<\/li>\n<li>26,50 euroa, vuosilisenssi U17 sarjaan (1.1.2009 tai sen j\u00e4lkeen syntyneet, voimassa 1.5.\u201330.4.). HUOM! T\u00e4ll\u00e4 lisenssill\u00e4 voi pelata my\u00f6s aikuisten sarjassa.<\/li>\n<\/ul>\n<\/div><\/div><\/div><\/div><div class=\"vc_column tdi_7  wpb_column vc_column_container tdc-column td-pb-span6\">\n<style scoped>\n\/* custom css - generated by TagDiv Composer *\/\n\n\/* custom css - generated by TagDiv Composer *\/\n.tdi_7{\r\n                    vertical-align: baseline;\r\n                }.tdi_7 > .wpb_wrapper,\r\n\t\t\t\t.tdi_7 > .wpb_wrapper > .tdc-elements{\r\n\t\t\t\t    display: block;\r\n\t\t\t\t}.tdi_7 > .wpb_wrapper > .tdc-elements{\r\n\t\t\t\t    width: 100%;\r\n\t\t\t\t}.tdi_7 > .wpb_wrapper > .vc_row_inner{\r\n\t\t\t\t    width: auto;\r\n\t\t\t\t}.tdi_7 > .wpb_wrapper{\r\n\t\t\t\t    width: auto;\r\n\t\t\t\t    height: auto;\r\n\t\t\t\t}\n<\/style><div class=\"wpb_wrapper\" ><div class=\"td_block_wrap td_block_text_with_title tdi_8 tagdiv-type td-pb-border-top td_block_template_10\"  data-td-block-uid=\"tdi_8\" >\n<style>\n.tdi_8 .td-block-title:before {\r\n                background-color: #1e73be !important;\r\n            }\n<\/style><div class=\"td-block-title-wrap\"><h4 class=\"td-block-title\"><span class=\"td-pulldown-size\">Henkil\u00f6- ja tukij\u00e4senmaksut kaudella 2025\u20132026:<\/span><\/h4><\/div><div class=\"td_mod_wrap td-fix-index\"><p>27 euroa aikuisilta<br \/>\n17 euroa junioreilta (1.1.2007 tai sen j\u00e4lkeen syntyneet)<\/p>\n<p>Liiton j\u00e4senkausi on 1.5.\u201330.4.<\/p>\n<\/div><\/div><\/div><\/div><\/div><\/div><div id=\"tdi_9\" class=\"tdc-row\"><div class=\"vc_row tdi_10  wpb_row td-pb-row\" >\n<style scoped>\n\/* custom css - generated by TagDiv Composer *\/\n\n\/* custom css - generated by TagDiv Composer *\/\n.tdi_10,\r\n                .tdi_10 .tdc-columns{\r\n                    min-height: 0;\r\n                }.tdi_10,\r\n\t\t\t\t.tdi_10 .tdc-columns{\r\n\t\t\t\t    display: block;\r\n\t\t\t\t}.tdi_10 .tdc-columns{\r\n\t\t\t\t    width: 100%;\r\n\t\t\t\t}.tdi_10:before,\r\n\t\t\t\t.tdi_10:after{\r\n\t\t\t\t    display: table;\r\n\t\t\t\t}\n<\/style><div class=\"vc_column tdi_12  wpb_column vc_column_container tdc-column td-pb-span12\">\n<style scoped>\n\/* custom css - generated by TagDiv Composer *\/\n\n\/* custom css - generated by TagDiv Composer *\/\n.tdi_12{\r\n                    vertical-align: baseline;\r\n                }.tdi_12 > .wpb_wrapper,\r\n\t\t\t\t.tdi_12 > .wpb_wrapper > .tdc-elements{\r\n\t\t\t\t    display: block;\r\n\t\t\t\t}.tdi_12 > .wpb_wrapper > .tdc-elements{\r\n\t\t\t\t    width: 100%;\r\n\t\t\t\t}.tdi_12 > .wpb_wrapper > .vc_row_inner{\r\n\t\t\t\t    width: auto;\r\n\t\t\t\t}.tdi_12 > .wpb_wrapper{\r\n\t\t\t\t    width: auto;\r\n\t\t\t\t    height: auto;\r\n\t\t\t\t}\n<\/style><div class=\"wpb_wrapper\" ><div class=\"td_block_wrap td_block_text_with_title tdi_13 tagdiv-type td-pb-border-top td_block_template_10\"  data-td-block-uid=\"tdi_13\" >\n<style>\n.tdi_13 .td-block-title:before {\r\n                background-color: #81d742 !important;\r\n            }\n<\/style><div class=\"td-block-title-wrap\"><h4 class=\"td-block-title\"><span class=\"td-pulldown-size\">Lue, ennen kuin ostat<\/span><\/h4><\/div><div class=\"td_mod_wrap td-fix-index\"><ul>\n<li>Saadakseen oikeuden osallistua Suomen Liitokiekkoliiton alaisiin kilpasarjoihin (SM-sarja ja divarit) tulee j\u00e4senen maksaa SEK\u00c4 liiton j\u00e4senmaksu ETT\u00c4 kilpailulisenssi<\/li>\n<li>Pelkk\u00e4 kilpailulisenssi ei oikeuta pelaamaan kilpasarjoissa, vaan kaikilla kilpasarjaa pelaavilla pelaajilla tulee olla my\u00f6s liiton j\u00e4senmaksu maksettuna.<\/li>\n<li>Kes\u00e4n harrasteturnauksessa ei vaadita liiton j\u00e4senyytt\u00e4 tai kilpailulisenssi\u00e4, vaan pelkk\u00e4 harrastelisenssi riitt\u00e4\u00e4. My\u00f6s kilpalisenssi oikeuttaa pelaamaan harrasteturnauksessa.<\/li>\n<li>J\u00e4senmaksut, lisenssit ja vakuutukset ostetaan kauden alkaessa Suomisportin kautta.<br \/>\n<strong><em>HUOM! Lisenssikaudella 2025-2026 Pohjola tarjoaa j\u00e4lleen SLKL:n j\u00e4senille eri hoitokatoilla olevia vakuutuksia, joissa on my\u00f6s eri ik\u00e4ryhm\u00e4t. Viime kausien tapaan on mahdollista ostaa vain talvikaudelle vakuutus (aikuiset ja 1.4.2006-31.3.2010 syntyneet). Tutustuthan siis tuoteselosteeseen ja vakuutuksen ehtoihin huolella ennen kassalle siirtymist\u00e4<\/em><\/strong><\/li>\n<\/ul>\n<ul>\n<li>Kyselyt liittyen j\u00e4senmaksuihin, lisensseihin ja vakuutuksiin voi l\u00e4hett\u00e4\u00e4 liiton toiminnanjohtajalle osoitteeseen: <a href=\"mailto:info@liitokiekkoliitto.fi\">info@liitokiekkoliitto.fi<\/a><\/li>\n<li>HUOM! J\u00e4senyys ostetaan Suomiportissa nyky\u00e4\u00e4n kohdasta LISENSSIT. Lisenssivakuutuksen p\u00e4\u00e4set ostamaan, kun valitset ensin itsellesi sopivan lisenssin. Kertalisenssiin ei voi ostaa lisenssivakuutusta.<\/li>\n<\/ul>\n<\/div><\/div><\/div><\/div><\/div><\/div><div id=\"tdi_14\" class=\"tdc-row\"><div class=\"vc_row tdi_15  wpb_row td-pb-row\" >\n<style scoped>\n\/* custom css - generated by TagDiv Composer *\/\n\n\/* custom css - generated by TagDiv Composer *\/\n.tdi_15,\r\n                .tdi_15 .tdc-columns{\r\n                    min-height: 0;\r\n                }.tdi_15,\r\n\t\t\t\t.tdi_15 .tdc-columns{\r\n\t\t\t\t    display: block;\r\n\t\t\t\t}.tdi_15 .tdc-columns{\r\n\t\t\t\t    width: 100%;\r\n\t\t\t\t}.tdi_15:before,\r\n\t\t\t\t.tdi_15:after{\r\n\t\t\t\t    display: table;\r\n\t\t\t\t}\n<\/style><div class=\"vc_column tdi_17  wpb_column vc_column_container tdc-column td-pb-span12\">\n<style scoped>\n\/* custom css - generated by TagDiv Composer *\/\n\n\/* custom css - generated by TagDiv Composer *\/\n.tdi_17{\r\n                    vertical-align: baseline;\r\n                }.tdi_17 > .wpb_wrapper,\r\n\t\t\t\t.tdi_17 > .wpb_wrapper > .tdc-elements{\r\n\t\t\t\t    display: block;\r\n\t\t\t\t}.tdi_17 > .wpb_wrapper > .tdc-elements{\r\n\t\t\t\t    width: 100%;\r\n\t\t\t\t}.tdi_17 > .wpb_wrapper > .vc_row_inner{\r\n\t\t\t\t    width: auto;\r\n\t\t\t\t}.tdi_17 > .wpb_wrapper{\r\n\t\t\t\t    width: auto;\r\n\t\t\t\t    height: auto;\r\n\t\t\t\t}\n<\/style><div class=\"wpb_wrapper\" ><div class=\"tdm_block td_block_wrap tdm_block_call_to_action tdi_18 tds_call_to_action2 tdm-content-horiz-left tdm-content-vert-center td-pb-border-top td_block_template_10\"  data-td-block-uid=\"tdi_18\" >\n<style>\n\/* custom css - generated by TagDiv Composer *\/\n.tdm_block_call_to_action .tdm-title{\r\n                  margin: 9px 0 10px 0;\r\n                }.tdm_block_call_to_action .tdm-descr{\r\n                  margin-bottom: 0;\r\n                }.tdm_block_call_to_action .tds-title + .tdm-descr{\r\n                  margin-bottom: 14px;\r\n                }.tdm_block_call_to_action .tdm-btn{\r\n                  margin-top: 0;\r\n                  max-width: 100%;\r\n                  overflow: hidden;\r\n                }.tdm_block_call_to_action .tdm-btn .tdm-btn-text{\r\n                  text-overflow: ellipsis;\r\n                  overflow: hidden;\r\n                  max-width: 100%;\r\n                  display: inline-block;\r\n                  white-space: nowrap;\r\n                }.tdm_block_call_to_action.tds_call_to_action2{\r\n                  padding: 13px 22px;\r\n                }@media (min-width: 768px) and (max-width: 1018px) {\r\n                  .tdm_block_call_to_action .td-block-span9 {\r\n                    width: 66.66666667%;\r\n                  }\r\n                  .tdm_block_call_to_action .td-block-span3 {\r\n                    width: 33.33333333%;\r\n                  }\r\n                }@media (max-width: 767px) {\r\n                  .tdm_block_call_to_action .td-block-span9 {\r\n                    margin-bottom: 20px;\r\n                  }\r\n                }@media (min-width: 767px) {\r\n                  .tdm_block_call_to_action .tds-button {\r\n                    text-align: right !important;\r\n                  }\r\n                  .tdm_block_call_to_action.tdm-flip-yes .tds-button {\r\n                    text-align: left !important;\r\n                  }\r\n                }\n<\/style>\n<style>\n\/* custom css - generated by TagDiv Composer *\/\n.tdi_18{\r\n\t\t\t\t    box-shadow:  0px 8px 25px 0px rgba(155,155,155,0.82);\r\n\t\t\t\t}\n<\/style><div class=\"td-block-width tds-call-to-action2 tdi_19\"><div class=\"td-block-row tdm-row td-fix-index\"><div class=\"td-block-span9 tdm-col\"><div class=\"tds-title tds-title1 td-fix-index tdi_20 \"><h3 class=\"tdm-title tdm-title-md\">Osta j\u00e4senyys, lisenssi tai vakuutus<\/h3><\/div><p class=\"tdm-descr\">Osta Liitokiekkoliiton j\u00e4senyys, pelilisenssi tai vakuutus Suomisportista.<\/p><\/div><div class=\"td-block-span3 tdm-col\">\n<style>\n\/* custom css - generated by TagDiv Composer *\/\nbody .tdi_21{\r\n\t\t\t\t\tbackground-color: rgba(26,175,0,0.82);\r\n\t\t\t\t}\n<\/style><div class=\"tds-button td-fix-index\"><a \r\n                href=\"https:\/\/www.suomisport.fi\/\" \r\n                 title=\"Suomisportiin\"\r\n                class=\"tds-button1 tdm-btn tdm-btn-lg tdi_21 \" ><span class=\"tdm-btn-text\">Suomisportiin<\/span><\/a><\/div><\/div><\/div><\/div><\/div><\/div><\/div><\/div><\/div><div id=\"tdi_22\" class=\"tdc-row\"><div class=\"vc_row tdi_23  wpb_row td-pb-row\" >\n<style scoped>\n\/* custom css - generated by TagDiv Composer *\/\n\n\/* custom css - generated by TagDiv Composer *\/\n.tdi_23,\r\n                .tdi_23 .tdc-columns{\r\n                    min-height: 0;\r\n                }.tdi_23,\r\n\t\t\t\t.tdi_23 .tdc-columns{\r\n\t\t\t\t    display: block;\r\n\t\t\t\t}.tdi_23 .tdc-columns{\r\n\t\t\t\t    width: 100%;\r\n\t\t\t\t}.tdi_23:before,\r\n\t\t\t\t.tdi_23:after{\r\n\t\t\t\t    display: table;\r\n\t\t\t\t}\n<\/style><div class=\"vc_column tdi_25  wpb_column vc_column_container tdc-column td-pb-span12\">\n<style scoped>\n\/* custom css - generated by TagDiv Composer *\/\n\n\/* custom css - generated by TagDiv Composer *\/\n.tdi_25{\r\n                    vertical-align: baseline;\r\n                }.tdi_25 > .wpb_wrapper,\r\n\t\t\t\t.tdi_25 > .wpb_wrapper > .tdc-elements{\r\n\t\t\t\t    display: block;\r\n\t\t\t\t}.tdi_25 > .wpb_wrapper > .tdc-elements{\r\n\t\t\t\t    width: 100%;\r\n\t\t\t\t}.tdi_25 > .wpb_wrapper > .vc_row_inner{\r\n\t\t\t\t    width: auto;\r\n\t\t\t\t}.tdi_25 > .wpb_wrapper{\r\n\t\t\t\t    width: auto;\r\n\t\t\t\t    height: auto;\r\n\t\t\t\t}\n<\/style><div class=\"wpb_wrapper\" ><div class=\"td_block_wrap td_block_text_with_title tdi_26 tagdiv-type td-pb-border-top td_block_template_10\"  data-td-block-uid=\"tdi_26\" >\n<style>\n.tdi_26 .td-block-title:before {\r\n                background-color: #81d742 !important;\r\n            }\n<\/style><div class=\"td-block-title-wrap\"><h4 class=\"td-block-title\"><span class=\"td-pulldown-size\">Lis\u00e4tietoa<\/span><\/h4><\/div><div class=\"td_mod_wrap td-fix-index\"><h2>J\u00e4senmaksut ja lisenssit<\/h2>\n<p>SLKL:n j\u00e4seneksi liityt\u00e4\u00e4n maksamalla vuotuinen j\u00e4senmaksu, erillist\u00e4 liittymismaksua ei ole. SLKL:n j\u00e4rjest\u00e4miin virallisiin kilpailutapahtumiin vaaditaan lis\u00e4ksi pelilisenssi kaikissa sarjoissa. Ostaessaan liiton j\u00e4senyyden ja lisenssin, urheilija sitoutuu noudattamaan liiton toiminta- ja kilpailus\u00e4\u00e4nt\u00f6j\u00e4.<\/p>\n<ul>\n<li>Liiton\u00a0<strong>j\u00e4senmaksu<\/strong> kattaa Liiton kuluja kuten turnausten ja sarjojen j\u00e4rjest\u00e4mist\u00e4, toiminnanjohtajan palveluja ja verkkopalveluista aiheutuvia kuluja. Lis\u00e4ksi j\u00e4senet voivat ottaa edullisen tapaturmavakuutuksen, joka kattaa urheiluharjoituksissa ja kilpailutilanteissa sattuneet tapaturmat. Liiton kokouksissa \u00e4\u00e4nivaltaisia ovat 15 vuotta t\u00e4ytt\u00e4neet j\u00e4senmaksun maksaneet j\u00e4senet.<\/li>\n<\/ul>\n<ul>\n<li>Liiton<strong>\u00a0j\u00e4senkausi<\/strong> alkaa 1.4. ja p\u00e4\u00e4ttyy seuraavana vuonna 31.3. Huhtikuun aikana maksetut j\u00e4senmaksut ovat voimassa 1.4. alkaen. My\u00f6hemmin maksettaessa j\u00e4senyys tulee voimaan maksup\u00e4iv\u00e4n\u00e4 klo 24:00 tai maksuhetkest\u00e4, mik\u00e4li pelaajalla on esitt\u00e4\u00e4 suorituksesta maksutosite. Ajankohta ottaa huomioon ultimaten kausikierron. Uuden j\u00e4senen on aina maksettava<strong>\u00a0j\u00e4senmaksunsa JA kilpailulisenssins\u00e4<\/strong>\u00a0ennen ensimm\u00e4iseen kilpailutapahtumaan osallistumista.<\/li>\n<\/ul>\n<ul>\n<li>Pelaajan tulee itse huolehtia, ett\u00e4 h\u00e4nell\u00e4 turnauksen vaatimat maksut kunnossa. Mik\u00e4li pelaaja osallistuu SM-turnaukseen ilman kilpailulisenssi\u00e4, seuraa t\u00e4st\u00e4 pelaajan joukkueelle 85 euron\u00a0<strong>sakko<\/strong>.<\/li>\n<\/ul>\n<h2>Vakuutus kaudella 2026-2027<\/h2>\n<p>Liitto tarjoaa Pohjolan lisenssivakuutusta (Sporttiturva), joka kattaa ultimaten kilpailutilanteissa ja harjoituksissa tapahtuneita tapaturmia. Hinnat ovat samat kuin edellisen\u00e4 vuonna.<\/p>\n<ul>\n<li>Liitto suosittaa vahvasti kaikkia sarjapeleihin ja muihin turnauksiin osallistuvia ottamaan vakuutuksen\u00a0 tai varmistamaan, ett\u00e4 oma tapaturmavakuutus kattaa vahingot my\u00f6s kilpailutilanteissa.<strong>\u00a0Liitto ei suosittele pelaajia pelaamaan ilman voimassa olevaa vakuutusta.<\/strong><\/li>\n<\/ul>\n<ul>\n<li>Liitokiekkoliiton vakuutus jatkuu katkeamatta voimassaolevana, mik\u00e4li uusi vakuutus maksetaan 30.4. menness\u00e4. Kauden 2026-2027 vakuutuskausi on 13 kuukautta eli jatkuu 30.4.2027 asti.<\/li>\n<li>Vakuutuksen hinta riippuu i\u00e4st\u00e4 ja vakuutukselle valittavasta hoitokulukatosta. Vakuutuksen omavastuu on aikuisten lisenssiss\u00e4 150 euroa. Lis\u00e4tietoja vakuutuksista ja niiden hinnoista kaudella 2026-2027 l\u00f6ytyy <a href=\"https:\/\/ultimate.fi\/wordpress\/liitto\/wp-content\/uploads\/2026\/03\/450748f_Liitokiekko_fi-v2.pdf\">vakuutuksen tuoteselosteesta<\/a>.<\/li>\n<li>Pohjolan vakuutuksen yleiset ehdot ja ohjeet tapaturmatilanteissa l\u00f6ytyv\u00e4t <a href=\"https:\/\/www.op.fi\/tac?did=Heurh0000002707&amp;cs=e724bd84516ae055135aad0d80a3aff0502a16b6d0b581d3a55bd5b6b7cf84f9\">t\u00e4\u00e4lt\u00e4.<\/a><\/li>\n<li>Pohjolan vakuutusta koskevia tietoja tiivistetysti l\u00f6ytyy <a href=\"https:\/\/www.op.fi\/tac?did=HeUrh0000002131&amp;cs=98f3460b4166d8156f61176f815e464488ef82be4cae9f43408ef4e8d6586c91\">t\u00e4\u00e4lt\u00e4.<\/a><\/li>\n<\/ul>\n<p><strong><a href=\"https:\/\/www.suomisport.fi\/\">\u2192\u00a0 T\u00e4st\u00e4 j\u00e4senmaksun, lisenssin ja vakuutuksen ostoon<\/a><\/strong><\/p>\n<\/div><\/div><div class=\"tdm_block td_block_wrap tdm_block_call_to_action tdi_27 tds_call_to_action2 tdm-content-horiz-left tdm-content-vert-center td-pb-border-top td_block_template_10\"  data-td-block-uid=\"tdi_27\" >\n<style>\n\/* custom css - generated by TagDiv Composer *\/\n.tdi_27{\r\n\t\t\t\t    box-shadow:  0px 8px 25px 0px rgba(155,155,155,0.82);\r\n\t\t\t\t}\n<\/style><div class=\"td-block-width tds-call-to-action2 tdi_28\"><div class=\"td-block-row tdm-row td-fix-index\"><div class=\"td-block-span9 tdm-col\"><div class=\"tds-title tds-title1 td-fix-index tdi_29 \"><h3 class=\"tdm-title tdm-title-md\">Aikomassa pelikentille?<\/h3><\/div><p class=\"tdm-descr\">Muista suorittaa WFDF:n s\u00e4\u00e4nt\u00f6akkreditointi!<\/p><\/div><div class=\"td-block-span3 tdm-col\">\n<style>\n\/* custom css - generated by TagDiv Composer *\/\nbody .tdi_30{\r\n\t\t\t\t\tbackground-color: rgba(26,175,0,0.82);\r\n\t\t\t\t}\n<\/style><div class=\"tds-button td-fix-index\"><a \r\n                href=\"https:\/\/ultimate.fi\/liitto\/etusivu\/pelaaminen\/saantoakkreditointi\/\" \r\n                 title=\"Ohjeisiin\"\r\n                class=\"tds-button1 tdm-btn tdm-btn-lg tdi_30 \"  target=\"_blank\" ><span class=\"tdm-btn-text\">Ohjeisiin<\/span><\/a><\/div><\/div><\/div><\/div><\/div><\/div><\/div><\/div><\/div>","protected":false},"excerpt":{"rendered":"","protected":false},"author":1,"featured_media":0,"parent":5,"menu_order":2,"comment_status":"closed","ping_status":"closed","template":"","meta":{"footnotes":""},"class_list":["post-20","page","type-page","status-publish"],"_links":{"self":[{"href":"https:\/\/ultimate.fi\/liitto\/wp-json\/wp\/v2\/pages\/20","targetHints":{"allow":["GET"]}}],"collection":[{"href":"https:\/\/ultimate.fi\/liitto\/wp-json\/wp\/v2\/pages"}],"about":[{"href":"https:\/\/ultimate.fi\/liitto\/wp-json\/wp\/v2\/types\/page"}],"author":[{"embeddable":true,"href":"https:\/\/ultimate.fi\/liitto\/wp-json\/wp\/v2\/users\/1"}],"replies":[{"embeddable":true,"href":"https:\/\/ultimate.fi\/liitto\/wp-json\/wp\/v2\/comments?post=20"}],"version-history":[{"count":39,"href":"https:\/\/ultimate.fi\/liitto\/wp-json\/wp\/v2\/pages\/20\/revisions"}],"predecessor-version":[{"id":1194,"href":"https:\/\/ultimate.fi\/liitto\/wp-json\/wp\/v2\/pages\/20\/revisions\/1194"}],"up":[{"embeddable":true,"href":"https:\/\/ultimate.fi\/liitto\/wp-json\/wp\/v2\/pages\/5"}],"wp:attachment":[{"href":"https:\/\/ultimate.fi\/liitto\/wp-json\/wp\/v2\/media?parent=20"}],"curies":[{"name":"wp","href":"https:\/\/api.w.org\/{rel}","templated":true}]}}