{"id":28,"date":"2018-11-18T07:13:27","date_gmt":"2018-11-18T05:13:27","guid":{"rendered":"https:\/\/ultimate.fi\/wordpress\/liitto\/?page_id=28"},"modified":"2018-11-21T11:59:09","modified_gmt":"2018-11-21T09:59:09","slug":"spiritin-arviointi","status":"publish","type":"page","link":"https:\/\/ultimate.fi\/liitto\/etusivu\/spirit-of-the-game\/spiritin-arviointi\/","title":{"rendered":"Spiritin arviointi"},"content":{"rendered":"<div id=\"tdi_1\" class=\"tdc-row\"><div class=\"vc_row tdi_2  wpb_row td-pb-row\" >\n<style scoped>\n\/* custom css - generated by TagDiv Composer *\/\n\n\/* custom css - generated by TagDiv Composer *\/\n.tdi_2,\r\n                .tdi_2 .tdc-columns{\r\n                    min-height: 0;\r\n                }.tdi_2,\r\n\t\t\t\t.tdi_2 .tdc-columns{\r\n\t\t\t\t    display: block;\r\n\t\t\t\t}.tdi_2 .tdc-columns{\r\n\t\t\t\t    width: 100%;\r\n\t\t\t\t}.tdi_2:before,\r\n\t\t\t\t.tdi_2:after{\r\n\t\t\t\t    display: table;\r\n\t\t\t\t}\n<\/style><div class=\"vc_column tdi_4  wpb_column vc_column_container tdc-column td-pb-span12\">\n<style scoped>\n\/* custom css - generated by TagDiv Composer *\/\n\n\/* custom css - generated by TagDiv Composer *\/\n.tdi_4{\r\n                    vertical-align: baseline;\r\n                }.tdi_4 > .wpb_wrapper,\r\n\t\t\t\t.tdi_4 > .wpb_wrapper > .tdc-elements{\r\n\t\t\t\t    display: block;\r\n\t\t\t\t}.tdi_4 > .wpb_wrapper > .tdc-elements{\r\n\t\t\t\t    width: 100%;\r\n\t\t\t\t}.tdi_4 > .wpb_wrapper > .vc_row_inner{\r\n\t\t\t\t    width: auto;\r\n\t\t\t\t}.tdi_4 > .wpb_wrapper{\r\n\t\t\t\t    width: auto;\r\n\t\t\t\t    height: auto;\r\n\t\t\t\t}\n<\/style><div class=\"wpb_wrapper\" ><div class=\"tdm_block td_block_wrap tdm_block_text_image tdi_5 td-animation-stack tdm-layout-12-12 tdm-content-horiz-left tdm-content-vert-center td-pb-border-top td_block_template_10\"  data-td-block-uid=\"tdi_5\" >\n<style>\n\/* custom css - generated by TagDiv Composer *\/\n.tdm_block_text_image .tdm-text-wrap{\r\n                  padding-top: 20px;\r\n                  padding-bottom: 20px;\r\n                }.tdm_block_text_image .tdm-descr{\r\n                  margin-bottom: 0;\r\n                }.tdm_block_text_image .tds-button{\r\n                  margin-top: 30px;\r\n                }@media (min-width: 767px) {\r\n                  .tdm_block_text_image.tdm-text-image-extend-img {\r\n                    margin-right: calc((-100vw + 100%) \/ 2);\r\n                  }\r\n                  .tdm_block_text_image.tdm-text-image-extend-img.tdm-flip-yes {\r\n                    margin-right: 0;\r\n                    margin-left: calc((-100vw + 100%) \/ 2);\r\n                  }\r\n                  .tdm_block_text_image.tdm-text-image-extend-img.tdm-flip-yes .tdm-col-img {\r\n                    text-align: right;\r\n                  }\r\n                }@media (max-width: 767px) {\r\n                  .tdm_block_text_image .tdm-col-img {\r\n                    margin-top: 36px;\r\n                  }\r\n                  .tdm_block_text_image.tdm-flip-yes .tdm-col-img {\r\n                    margin-top: 0;\r\n                    margin-bottom: 15px;\r\n                  }\r\n                }\n<\/style><div class=\"td-block-width tdm-fix-full\"><div class=\"td-block-row tdm-row\"><div class=\"td-block-span6 tdm-col\"><div class=\"tdm-text-wrap tdm-text-padding\"><div class=\"tds-title tds-title1 td-fix-index tdi_6 \"><h1 class=\"tdm-title tdm-title-md\">Spiritin arviointi<\/h1><\/div><p class=\"tdm-descr td-fix-index\">Spirit on olennainen osa ultimatea. Siksi spiriti\u00e4 my\u00f6s arvioidaan turnauksissa, ja useimmiten paras spirit-joukkue palkitaan. Spiriti\u00e4 arvioidaan WFDF:n spirit-arviointilomakkeella. Yhten\u00e4isen pisteytysasteikon tavoitteena on tehd\u00e4 eri joukkueiden spiritist\u00e4 vertailukelpoisempaa. Saamansa numeerisen palautteen avulla joukkueet pystyv\u00e4t pohtimaan omaa pelitapaansa ja kehitt\u00e4m\u00e4\u00e4n sit\u00e4.<\/p>\n<style>\n\/* custom css - generated by TagDiv Composer *\/\nbody .tdi_7{\r\n\t\t\t\t\tbackground-color: rgba(26,175,0,0.82);\r\n\t\t\t\t}\n<\/style><div class=\"tds-button td-fix-index\"><a \r\n                href=\"https:\/\/ultimate.fi\/wordpress\/ultimate\/wp-content\/uploads\/2018\/05\/Spirit-of-the-game-scoring-sheet-4-games-2014.png\" \r\n                 title=\"Avaa arviointilomake\"\r\n                class=\"tds-button1 tdm-btn tdm-btn-lg tdi_7 \" ><span class=\"tdm-btn-text\">Avaa arviointilomake<\/span><\/a><\/div><\/div><\/div><div class=\"td-block-span6 tdm-col tdm-col-img\"><img class=\"tdm-image td-fix-index td-lazy-img\" data-type=\"image_tag\" data-img-url=\"\" ><\/div><\/div><\/div><\/div><div class=\"td_block_wrap td_block_text_with_title tdi_8 tagdiv-type td-pb-border-top td_block_template_10\"  data-td-block-uid=\"tdi_8\" >\n<style>\n.td_block_template_10.widget > ul > li {\r\n                margin-left: 0 !important;\r\n            }\r\n            .td_block_template_10 .td-block-title {\r\n                font-size: 17px;\r\n                font-weight: 500;\r\n                margin-top: -10px;\r\n                margin-bottom: 24px;\r\n                line-height: 37px;\r\n                padding: 0;\r\n                position: relative;\r\n                text-align: left;\r\n            }\r\n            .td_block_template_10 .td-block-title:before {\r\n                content: '';\r\n                width: 100%;\r\n                height: 3px;\r\n                position: absolute;\r\n                top: 100%;\r\n                left: 0;\r\n                background-color: var(--td_header_color, #f5f5f5);\r\n            }\r\n            .td_block_template_10 .td-block-title > * {\r\n                color: var(--td_text_header_color, #000);\r\n            }\r\n            .td_block_template_10 .td-subcat-filter {\r\n                line-height: 37px;\r\n                display: table;\r\n            }\r\n            .td_block_template_10 .td-subcat-dropdown {\r\n                line-height: 1;\r\n                position: static;\r\n            }\r\n            .td_block_template_10 .td-subcat-dropdown .td-subcat-more {\r\n                margin-bottom: 0 !important;\r\n            }\r\n            .td_block_template_10 .td-subcat-dropdown ul:after {\r\n                height: 3px !important;\r\n            }\r\n            .td_block_template_10 .td-related-title {\r\n                margin-top: 0 !important;\r\n            }\r\n            .td_block_template_10 .td-related-title a {\r\n                margin-right: 20px;\r\n            }\r\n            @media (max-width: 767px) {\r\n                .td_block_template_10 .td-related-title a {\r\n                    font-size: 15px;\r\n                }\r\n            }\r\n            .td_block_template_10 .td-related-title .td-cur-simple-item {\r\n                color: var(--td_theme_color, #4db2ec);\r\n            }\n<\/style>\n<style>\n\/* custom css - generated by TagDiv Composer *\/\n.td_block_text_with_title{\r\n                  margin-bottom: 44px;\r\n                  -webkit-transform: translateZ(0);\r\n                  transform: translateZ(0);\r\n                }.td_block_text_with_title p:last-child{\r\n                  margin-bottom: 0;\r\n                }\n<\/style><div class=\"td-block-title-wrap\"><h4 class=\"td-block-title\"><span class=\"td-pulldown-size\">Spirit-arviointilomakkeet<\/span><\/h4><\/div><div class=\"td_mod_wrap td-fix-index\"><p><a href=\"https:\/\/ultimate.fi\/wordpress\/ultimate\/wp-content\/uploads\/2018\/05\/Spirit-of-the-game-scoring-sheet-4-games-2014.png\" target=\"_blank\" rel=\"noopener\"><strong>Spirit-arviointilomake<\/strong>, 4 peli\u00e4, englanti >><\/a><\/p>\n<p><a href=\"http:\/\/www.ultimate.fi\/?attachment_id=8676\" target=\"_blank\" rel=\"noopener\">Spirit-arviointilomake, oma joukkue (vapaaehtoinen), englanti, PDF, 2014 >><\/a><\/p>\n<p><a href=\"http:\/\/www.ultimate.fi\/?attachment_id=8677\" target=\"_blank\" rel=\"noopener\" data-wplink-edit=\"true\">Esimerkkikuvauksia spiritin arviointiin eri osa-alueilla, PDF, 2014 >><\/a><\/p>\n<\/div><\/div><div class=\"td_block_wrap td_block_text_with_title tdi_9 tagdiv-type td-pb-border-top td_block_template_10\"  data-td-block-uid=\"tdi_9\" ><div class=\"td-block-title-wrap\"><h4 class=\"td-block-title\"><span class=\"td-pulldown-size\">Hyv\u00e4 joukkue hallitsee spiritin kaikki osa-alueet<\/span><\/h4><\/div><div class=\"td_mod_wrap td-fix-index\"><p>Spirit-pisteit\u00e4 annetaan viidell\u00e4 eri osa-alueella:\u00a0<strong>1)<\/strong>\u00a0<strong>s\u00e4\u00e4nn\u00f6t, 2) virheet, 3) reiluus, 4) positiivinen asenne\u00a0<\/strong>sek\u00e4<strong>\u00a05) viestint\u00e4<\/strong>. Pisteit\u00e4 voi antaa kullakin osa-alueella 0 \u2013 4.<\/p>\n<p>Mik\u00e4li osa-alueella ei ole erityist\u00e4 huomautettavaa suuntaan tai toiseen, yleisohje on antaa pisteit\u00e4 2 eli \u201chyv\u00e4\u201d. Keskiarvoinen, hyv\u00e4 spirit-pistem\u00e4\u00e4r\u00e4 pelist\u00e4 onkin siis 5 x 2 = 10. Mik\u00e4li vastustaja on kuitenkin osoittanut erityisen hyv\u00e4\u00e4 tai huonoa osaamista jollakin osa-alueella, voidaan pisteit\u00e4 antaa enemm\u00e4n tai v\u00e4hemm\u00e4n kuin 2, ja kokonaispistem\u00e4\u00e4r\u00e4 voi siten olla mit\u00e4 tahansa v\u00e4lill\u00e4 0 \u2013 20.<\/p>\n<p>T\u00e4rke\u00e4\u00e4 spirit-pisteytyksess\u00e4 on se, ett\u00e4 kaikki joukkueet soveltavat spirit-taulukkoa samalla tavoin, jotta tulokset ovat vertailukelpoisia. Osa-alueisiin jaetun spirit-pisteytyksen ajatuksena on, ett\u00e4 spiriti\u00e4 arvioitaisiin oikean, perustellun osaamisen pohjalta eik\u00e4 esimerkiksi loppuringiss\u00e4 pidetyn hyv\u00e4n puheen, aiempien pelattujen pelien tai sen perusteella, millaiset henkil\u00f6kemiat ovat.<\/p>\n<\/div><\/div><\/div><\/div><\/div><\/div>","protected":false},"excerpt":{"rendered":"","protected":false},"author":1,"featured_media":0,"parent":26,"menu_order":1,"comment_status":"closed","ping_status":"closed","template":"","meta":{"footnotes":""},"class_list":["post-28","page","type-page","status-publish"],"_links":{"self":[{"href":"https:\/\/ultimate.fi\/liitto\/wp-json\/wp\/v2\/pages\/28","targetHints":{"allow":["GET"]}}],"collection":[{"href":"https:\/\/ultimate.fi\/liitto\/wp-json\/wp\/v2\/pages"}],"about":[{"href":"https:\/\/ultimate.fi\/liitto\/wp-json\/wp\/v2\/types\/page"}],"author":[{"embeddable":true,"href":"https:\/\/ultimate.fi\/liitto\/wp-json\/wp\/v2\/users\/1"}],"replies":[{"embeddable":true,"href":"https:\/\/ultimate.fi\/liitto\/wp-json\/wp\/v2\/comments?post=28"}],"version-history":[{"count":3,"href":"https:\/\/ultimate.fi\/liitto\/wp-json\/wp\/v2\/pages\/28\/revisions"}],"predecessor-version":[{"id":472,"href":"https:\/\/ultimate.fi\/liitto\/wp-json\/wp\/v2\/pages\/28\/revisions\/472"}],"up":[{"embeddable":true,"href":"https:\/\/ultimate.fi\/liitto\/wp-json\/wp\/v2\/pages\/26"}],"wp:attachment":[{"href":"https:\/\/ultimate.fi\/liitto\/wp-json\/wp\/v2\/media?parent=28"}],"curies":[{"name":"wp","href":"https:\/\/api.w.org\/{rel}","templated":true}]}}