{"id":566,"date":"2019-05-28T15:11:19","date_gmt":"2019-05-28T12:11:19","guid":{"rendered":"https:\/\/ultimate.fi\/liitto\/?page_id=566"},"modified":"2019-05-29T11:51:55","modified_gmt":"2019-05-29T08:51:55","slug":"seuratyo","status":"publish","type":"page","link":"https:\/\/ultimate.fi\/liitto\/etusivu\/tietopankki\/seuratyo\/","title":{"rendered":"Seuraty\u00f6"},"content":{"rendered":"\n<p>T\u00e4t\u00e4 sivua p\u00e4ivitet\u00e4\u00e4n parhaillaan.<\/p>\n\n\n\n<p><\/p>\n\n\n\n<p><a href=\"https:\/\/ultimate.fi\/wordpress\/liitto\/wp-content\/uploads\/2019\/05\/Seuraty\u00f6n-tarkistuslista.pdf\">https:\/\/ultimate.fi\/wordpress\/liitto\/wp-content\/uploads\/2019\/05\/Seuraty\u00f6n-tarkistuslista.pdf<\/a><\/p>\n\n\n\n<p><\/p>\n\n\n\n<p>T\u00e4htiseuraohjelma<\/p>\n\n\n\n<p><a href=\"https:\/\/www.olympiakomitea.fi\/materiaalipankki\/\">https:\/\/www.olympiakomitea.fi\/materiaalipankki\/<\/a><\/p>\n\n\n\n<figure class=\"wp-block-embed\"><div class=\"wp-block-embed__wrapper\">\nhttps:\/\/www.olympiakomitea.fi\/seuratoiminta\/tahtiseurat-seurojen-laatuohjelma\/\n<\/div><\/figure>\n","protected":false},"excerpt":{"rendered":"<p>T\u00e4t\u00e4 sivua p\u00e4ivitet\u00e4\u00e4n parhaillaan. https:\/\/ultimate.fi\/wordpress\/liitto\/wp-content\/uploads\/2019\/05\/Seuraty\u00f6n-tarkistuslista.pdf T\u00e4htiseuraohjelma https:\/\/www.olympiakomitea.fi\/materiaalipankki\/<\/p>\n","protected":false},"author":1,"featured_media":0,"parent":30,"menu_order":5,"comment_status":"closed","ping_status":"closed","template":"","meta":{"footnotes":""},"class_list":["post-566","page","type-page","status-publish"],"_links":{"self":[{"href":"https:\/\/ultimate.fi\/liitto\/wp-json\/wp\/v2\/pages\/566","targetHints":{"allow":["GET"]}}],"collection":[{"href":"https:\/\/ultimate.fi\/liitto\/wp-json\/wp\/v2\/pages"}],"about":[{"href":"https:\/\/ultimate.fi\/liitto\/wp-json\/wp\/v2\/types\/page"}],"author":[{"embeddable":true,"href":"https:\/\/ultimate.fi\/liitto\/wp-json\/wp\/v2\/users\/1"}],"replies":[{"embeddable":true,"href":"https:\/\/ultimate.fi\/liitto\/wp-json\/wp\/v2\/comments?post=566"}],"version-history":[{"count":5,"href":"https:\/\/ultimate.fi\/liitto\/wp-json\/wp\/v2\/pages\/566\/revisions"}],"predecessor-version":[{"id":574,"href":"https:\/\/ultimate.fi\/liitto\/wp-json\/wp\/v2\/pages\/566\/revisions\/574"}],"up":[{"embeddable":true,"href":"https:\/\/ultimate.fi\/liitto\/wp-json\/wp\/v2\/pages\/30"}],"wp:attachment":[{"href":"https:\/\/ultimate.fi\/liitto\/wp-json\/wp\/v2\/media?parent=566"}],"curies":[{"name":"wp","href":"https:\/\/api.w.org\/{rel}","templated":true}]}}